i = b - 2 - 6. Suppose b = -g + w + w + 46, -4 = -w. List the prime factors of g.
2, 3
Suppose -2*u = -3*m - 15, -u = -0*u + 5*m - 1. Let t(j) be the first derivative of j**3/3 - 5*j**2/2 + 5*j + 8. What are the prime factors of t(u)?
11
Suppose -3*r + 7 = -3*d - 5, 5*d + 15 = 4*r. Suppose 112 = r*s - 38. What are the prime factors of s?
2, 3, 5
Let b = 13 - 8. Let g = 11 - b. Suppose 0 = -4*j + 3*l + 12, -l + 3*l + g = 2*j. List the prime factors of j.
3
Suppose 4*p + 6 = 5*x - 0*p, -3*p = -5*x + 7. Let a = 7 - x. What are the prime factors of a?
5
Let n = -49 + 56. What are the prime factors of n?
7
Let q(b) be the third derivative of b**8/20160 + b**7/5040 - b**5/60 - b**2. Let k(l) be the third derivative of q(l). List the prime factors of k(-4).
2, 3
Let i = 29 - 23. What are the prime factors of i?
2, 3
Suppose 456 = 4*y - 4*i + 104, -2*y - 3*i = -171. What are the prime factors of y?
3, 29
List the prime factors of (0 - (-692)/3) + 26/(-39).
2, 5, 23
Suppose 4 = g + 3*g. Let f(m) = -24*m + 6. Let x(z) = -23*z + 5. Let k(h) = 5*f(h) - 6*x(h). What are the prime factors of k(g)?
2, 3
Suppose 3*b = 4*b. Suppose -t + 12 = -b. List the prime factors of t.
2, 3
Let h(d) = 11*d**3 - d**2 - 12*d + 14. Let l(u) = 4*u**3 - 4*u + 5. Let s(b) = -3*h(b) + 8*l(b). What are the prime factors of s(3)?
2, 5
Let m(v) = -v**2 + 7*v + 2. Let j be m(7). Let s = 3 - j. List the prime factors of -2 + s - (-30)/3.
3
Suppose -19*c + 14*c = -1125. List the prime factors of c.
3, 5
Suppose 3*a + 4 = -a. Suppose 13*d + 15 = 8*d. Let l = a - d. List the prime factors of l.
2
Let o(d) = -d**3 - 8*d**2 - 8*d - 7. Let n(y) = -y**2 - y - 1. Let g be n(-3). Let i be o(g). Suppose -f + 7 = -i*f. What are the prime factors of f?
7
Suppose 4*h - 70 = -2*b, 2*h + 3 = -7. What are the prime factors of b?
3, 5
Let n = -141 - -101. Let i = n + 70. List the prime factors of i.
2, 3, 5
Let w = 338 + 41. List the prime factors of w.
379
Suppose 9 = 5*m + 5*q - 26, -2*q + 8 = 0. Suppose 6 = m*k - 3. Let t(j) = j**3 - j**2 - 2*j - 4. List the prime factors of t(k).
2
Let j = 26 - 3. What are the prime factors of j?
23
Let p(w) = -2*w - 6. Let i be p(-4). Suppose -3*a - i + 11 = 0. List the prime factors of a.
3
Suppose -d + 10 + 40 = 0. List the prime factors of d.
2, 5
Let d be 7/3 - 4/12. Suppose 0 = -d*n + 4*q + 22, -4*n + q = -2*n - 22. List the prime factors of n.
11
Let g = 64 - 46. Let n = g + -13. Suppose n*m = b + b, -m + 27 = 5*b. What are the prime factors of m?
2
List the prime factors of (-1 + -1)*58/(-4).
29
Let m(t) = t**3 - 8*t**2 - 9*t - 3. Let w be m(9). Let i be (w/(-2))/((-6)/(-56)). Suppose -5*d + 60 = 2*z, -3*z + i = d + 2. What are the prime factors of d?
2, 3
Suppose -u - 2 = -10. Suppose 0*n = 2*n - u. Suppose -d - n + 13 = 0. What are the prime factors of d?
3
Let c = 274 + -110. What are the prime factors of c?
2, 41
Let r = 13 + -20. Let f be (r - -6)*1*-3. Suppose f*h - 3 = 3. List the prime factors of h.
2
Suppose -8 = -4*q, 5*u + 5*q = 22 + 28. What are the prime factors of u?
2
Suppose 0 = -4*h - 4*w + 280, -6*h = -2*h - 5*w - 244. What are the prime factors of h?
2, 3, 11
Suppose -93 = 3*r + 3*j, -r - 3*j - 25 = -0*r. Let y = r - -52. What are the prime factors of y?
2, 3
Let q(s) = -s**2 - 18*s - 8. List the prime factors of q(-12).
2
Let v(n) = -3*n - 2 + 5*n - 8. Let g be v(7). Suppose -15 = -h - d, 0 = -4*h + g*d - 15 + 67. What are the prime factors of h?
2, 7
Let l(s) = 6 - 6*s**2 - 1 - 5*s + s**3 - 2*s**3. Let n be l(-5). List the prime factors of (-5 - -3)/((-2)/n).
5
Let m = 441 - 137. List the prime factors of m.
2, 19
Let b(w) = 2*w**2 - 5*w - 4. Let o = 33 - 27. List the prime factors of b(o).
2, 19
Suppose 6*f - 4*f + 18 = 4*x, -3*x + 16 = f. Suppose 3*z + 26 = a, -4*a + x*z = z - 120. List the prime factors of a.
2
Suppose 3*s - 235 = -82. Let l = -31 + s. List the prime factors of l.
2, 5
Suppose 89 = 4*m + 3*b, m = -m + 2*b + 62. List the prime factors of (-4)/((-8)/m) - -1.
2, 7
Let f(v) = 3*v - 1. Let a(d) = -d**2 - 3*d - 1. Let z be a(-2). What are the prime factors of f(z)?
2
Suppose -4*i = -l + 98, 4*l + 6*i - i = 434. List the prime factors of l.
2, 53
Let p(n) = n**2 - 3*n - 8. Let d be p(8). Let h = 55 - d. What are the prime factors of h?
23
Let x = 58 + -26. Suppose -2*d + d + x = 0. What are the prime factors of d?
2
Let w(s) be the third derivative of -7*s**4/24 + s**3/6 + 4*s**2. Let c be w(-2). Suppose 4*j - 32 = -2*g, -13 = -2*j + 2*g + c. List the prime factors of j.
2, 5
Suppose -4*k = -0*k - 20. List the prime factors of (-2 + (-48)/(-15))*k.
2, 3
Let y be (-3 + 6)/(12/(-8)). List the prime factors of 92/12 - y/(-3).
7
List the prime factors of 105/245 - 2321/(-7).
2, 83
Let s(l) = -l**3 - 2*l**2 - 2*l - 1. Let z = -5 + 4. Let j be s(z). Suppose -o - o + 24 = j. List the prime factors of o.
2, 3
Suppose -27*d + 23*d = 0. Suppose 2*f = -5*q + 113, f + d*q - 4*q = 50. What are the prime factors of f?
2, 3
Suppose -2*r + 6*r - 29 = -3*y, -4*y + 3*r = -22. Suppose 4*s = -n + 6*s - y, n - 23 = -4*s. Suppose -n*l - 2*l + 35 = 0. List the prime factors of l.
7
Let s = 0 - -6. Suppose -11*c + 30 = -s*c. Suppose 5*y - 26 = -c. What are the prime factors of y?
2
Let w = -101 - -183. List the prime factors of w.
2, 41
Let r(c) = c**2 + 8*c + 1. Let l be r(-7). Let v(w) = -w + 6. List the prime factors of v(l).
2, 3
Suppose -3*r + 4 = r. List the prime factors of 124/5 + r/5.
5
Suppose -3 = 2*s - 5*j + 2, -4*s + 35 = -j. List the prime factors of s.
2, 5
Suppose 3*w = -2*s + 29, -4*s = -4*w + 36 + 16. What are the prime factors of w?
11
Let u(i) = -i**3 - i**2 - 4*i. Let t be u(-7). What are the prime factors of 2/(-8) - t/(-8)?
2, 5
Let z(o) be the second derivative of -o**4/12 - 8*o**3/3 - 13*o**2/2 + 2*o. List the prime factors of z(-15).
2
Suppose 6*q - 4*q - 2*y = -144, 0 = -4*q + y - 297. List the prime factors of (q/(-6) + -3)*2.
19
Suppose -4*l = 2*m + 4, -2*m - 5*l - 4 = 1. Let g(b) = 1 + 0 + b + 0*b + 1. List the prime factors of g(m).
2
Let p(x) = x**3 + 7*x**2 + 7*x + 3. List the prime factors of p(-5).
2, 3
List the prime factors of 2/4 + 696/16.
2, 11
Suppose 0 = 5*w - 4 - 11. Suppose -5*d = -6*t + 2*t - 5, -4 = w*d - t. What are the prime factors of ((-15)/10)/(d/4)?
2
Let q = -2 + 4. Let p(n) = -3. Let u(m) = m**2 - m - 13. Let a(h) = -9*p(h) + 2*u(h). What are the prime factors of a(q)?
5
Let p be (0 - 0)/(12/(-6)). Suppose p*w = -w. Suppose w*o + 4 = 2*o. List the prime factors of o.
2
Let k = 10 + -6. Let n be 6/5*10/k. Suppose -n*j + 11 = 2*o - 22, -j - 13 = -2*o. What are the prime factors of o?
3
Let g be (-2 - 1) + 0 - -1. List the prime factors of g/(-4) + 115/10.
2, 3
Suppose -2*y - o + 9 - 3 = 0, 2*o = 0. What are the prime factors of 9 - (-1 + 0/y)?
2, 5
Suppose 3*x = -x + 4*g + 1084, g - 3 = 0. List the prime factors of x.
2, 137
Suppose 214 = 5*z - 5*c - 286, -4*z + 424 = 4*c. List the prime factors of z.
103
Suppose 2*y + 5 = 3*y, 0 = -5*i + 5*y - 100. Let d be 1/(-2 - i/9). What are the prime factors of (-1)/3 - 34/d?
11
Let x be 4 - 4 - 2*1. Let b be 2/(-4) - (-19)/x. What are the prime factors of (-7)/(-2) + 5/b?
3
Let t = -48 - -79. Suppose -t = -5*k + 49. List the prime factors of k.
2
Let n be ((-8)/10)/((-2)/10). Let q be 7/n*(-12)/(-1). Suppose 0 = -4*w - 1 + q. List the prime factors of w.
5
Suppose 0 = 4*j + 16, 4*d - 2*j + 700 - 52 = 0. List the prime factors of -3 + -3*d/12.
2, 19
Suppose 0 = -2*k + 3*k - 6. Let w be (-4)/k - (-6)/9. List the prime factors of (0 - (w - -1)) + 3.
2
What are the prime factors of 27 - (-4 + 4) - -2?
29
What are the prime factors of 0 + (-2 - -1) + 117*1?
2, 29
Let r(b) = -7*b - 3*b - b**2 - 3 + b. List the prime factors of r(-7).
11
Let x be (-3 - (-41)/(-1))*-1. Suppose -5*m + 21 + x = 0. What are the prime factors of m?
13
List the prime factors of ((-14)/28)/(2/(-408)).
2, 3, 17
Suppose 3*c = z - 2, -4*z = z - c - 52. Let n = z + -2. Let p = 0 + n. List the prime factors of p.
3
Suppose -3*c = 2*c. Suppose -r + 6*r - 25 = c. What are the prime factors of r?
5
Let f be 3 + (3 - (0 - -1)). Suppose -r + 10 + 4 = w, -3*r + f*w = -26. What are the prime factors of r?
2, 3
Suppose 2*v + 4*i = 3*i + 196, v - 2*i - 88 = 0. What are the prime factors of v?
